n divisor of 159212 and 2332?
212
What is the greatest common divisor of 195982 and 5974?
58
Calculate the greatest common factor of 206 and 72718.
206
What is the highest common factor of 33615 and 2905?
415
Calculate the highest common factor of 4 and 4977.
1
Calculate the greatest common factor of 756 and 29376.
108
Calculate the highest common factor of 4932 and 1404.
36
Calculate the highest common divisor of 3526130 and 230.
230
Calculate the greatest common divisor of 681 and 10669.
227
Calculate the greatest common factor of 228 and 127851.
57
What is the highest common divisor of 374621 and 13?
13
Calculate the greatest common factor of 328 and 879696.
328
What is the greatest common divisor of 5096352 and 96?
96
Calculate the highest common factor of 725 and 37265.
145
Calculate the greatest common divisor of 2947 and 28.
7
What is the greatest common factor of 1696 and 583?
53
Calculate the greatest common divisor of 55 and 1969.
11
What is the greatest common factor of 204793 and 2?
1
What is the greatest common divisor of 1120 and 1435?
35
What is the highest common factor of 34496 and 57024?
704
What is the greatest common factor of 3246696 and 27?
27
What is the highest common divisor of 36 and 12676?
4
Calculate the greatest common divisor of 215 and 173.
1
What is the highest common factor of 152274 and 1476?
246
Calculate the highest common divisor of 310026 and 18386.
634
What is the greatest common factor of 2528 and 112022?
158
Calculate the greatest common divisor of 89353 and 11.
11
Calculate the greatest common factor of 3874 and 650.
26
Calculate the highest common divisor of 725835 and 3498.
1749
What is the greatest common factor of 5811361 and 281?
281
Calculate the highest common divisor of 479 and 3612139.
479
What is the greatest common factor of 1462592 and 16?
16
What is the greatest common factor of 97500 and 12090?
390
Calculate the greatest common divisor of 256 and 99832.
8
Calculate the highest common divisor of 2501 and 4633.
41
Calculate the highest common divisor of 1217616 and 240.
48
Calculate the greatest common divisor of 176 and 17699.
11
Calculate the greatest common factor of 1053942 and 48975.
1959
What is the greatest common factor of 273 and 9845563?
91
What is the greatest common factor of 8 and 1056?
8
Calculate the greatest common factor of 13176 and 2232.
72
What is the greatest common divisor of 3 and 2526339?
3
Calculate the greatest common divisor of 41 and 1828.
1
Calculate the greatest common divisor of 79608 and 56.
8
Calculate the greatest common factor of 331851 and 134.
67
What is the highest common divisor of 1019656 and 176?
88
Calculate the highest common factor of 574 and 4774.
14
Calculate the greatest common divisor of 1857723 and 42.
21
What is the highest common divisor of 6519 and 50307?
123
Calculate the greatest common divisor of 22 and 38119.
1
Calculate the greatest common factor of 45 and 24695.
5
Calculate the greatest common factor of 132968 and 88.
88
What is the greatest common divisor of 5754 and 166068?
42
Calculate the highest common factor of 130 and 2220400.
130
Calculate the highest common divisor of 112 and 5760.
16
What is the greatest common factor of 475 and 3200?
25
Calculate the greatest common factor of 3003 and 60753.
231
Calculate the highest common divisor of 136 and 22406.
34
Calculate the highest common factor of 107 and 235079.
107
What is the greatest common factor of 1240 and 806?
62
Calculate the highest common factor of 19418 and 304.
38
What is the highest common divisor of 245 and 4445?
35
What is the greatest common divisor of 15977 and 4?
1
Calculate the highest common factor of 14 and 230587.
7
What is the greatest common divisor of 1312 and 170642?
82
Calculate the greatest common factor of 1219806 and 49.
49
Calculate the highest common divisor of 1035773 and 397.
397
Calculate the highest common divisor of 37 and 9.
1
What is the highest common factor of 368 and 54878?
46
Calculate the greatest common divisor of 139335 and 7980.
105
Calculate the highest common divisor of 618 and 3894.
6
Calculate the highest common factor of 1910040 and 5280.
1320
What is the highest common divisor of 2170721 and 371?
371
What is the highest common divisor of 33 and 284339?
11
What is the greatest common divisor of 750 and 1025?
25
What is the greatest common divisor of 671985 and 2725?
545
Calculate the highest common factor of 258 and 149210.
86
Calculate the highest common factor of 18126 and 24966.
342
What is the highest common divisor of 19708 and 23119?
379
Calculate the highest common factor of 704 and 15847744.
704
Calculate the highest common factor of 22726 and 2288.
22
Calculate the highest common factor of 4738 and 782.
46
Calculate the greatest common factor of 7102 and 2650.
106
What is the highest common divisor of 211 and 263961?
211
Calculate the highest common divisor of 9849 and 2211.
201
Calculate the greatest common divisor of 9070 and 38.
2
What is the greatest common divisor of 98830 and 18?
2
What is the highest common factor of 611 and 4927?
13
Calculate the highest common factor of 2666 and 47802.
62
What is the highest common divisor of 30213 and 746?
373
Calculate the greatest common divisor of 4071 and 22656.
177
What is the highest common factor of 18250 and 5000?
250
Calculate the greatest common divisor of 1300857 and 3519.
1173
Calculate the highest common divisor of 53331 and 6583.
29
What is the highest common factor of 33723 and 216?
27
Calculate the highest common divisor of 216256 and 403.
31
What is the greatest common divisor of 33 and 14531?
11
What is the greatest common divisor of 655 and 146982?
131
Calculate the highest common divisor of 99589 and 287.
287
Calculate the highest common factor of 170 and 360.
10
What is the greatest common divisor of 423 and 13192947?
423
Calculate the greatest common divisor of 300469 and 58.
29
Calculate the greatest common divisor of 45164 and 84.
28
Calculate the greatest common divisor of 1600 and 67840.
320
What is the greatest common divisor of 105039 and 99?
99
Calculate the highest common divisor of 4 and 176828.
4
What is the highest common divisor of 1275 and 867?
51
What is the highest common divisor of 328 and 9192?
8
What is the greatest common divisor of 1404578 and 56?
14
Calculate the greatest common divisor of 42 and 7433188.
14
Calculate the greatest common factor of 12591 and 18.
9
Calculate the greatest common divisor of 105138 and 826.
118
What is the highest common factor of 105 and 35715?
15
What is the highest common factor of 244 and 105652?
244
What is the highest common divisor of 2900 and 10900?
100
Calculate the greatest common factor of 43942 and 2794.
254
Calculate the highest common factor of 850 and 46580.
170
What is the highest common factor of 504 and 1424220?
84
Calculate the highest common factor of 83509 and 148.
37
Calculate the highest common divisor of 208339 and 2826.
157
What is the highest common factor of 2622034 and 446?
446
What is the highest common factor of 8545329 and 39?
39
Calculate the highest common factor of 636 and 417057.
159
What is the highest common factor of 2656 and 32702?
166
Calculate the greatest common divisor of 202522 and 8.
2
Calculate the greatest common factor of 7194821 and 31.
31
Calculate the highest common divisor of 14091 and 1617.
231
What is the greatest common factor of 12495 and 13671?
147
Calculate the highest common factor of 640321 and 11.
11
What is the greatest common divisor of 660 and 1936?
44
What is the greatest common factor of 53802 and 798?
42
Calculate the highest common divisor of 28 and 1235479.
7
What is the greatest common factor of 24 and 1878?
6
Calculate the greatest common factor of 19411 and 10199.
329
Calculate the greatest common divisor of 238 and 77294.
14
What is the highest common factor of 1422 and 186?
6
What is the highest common divisor of 8512 and 27607?
19
Calculate the greatest common divisor of 21068 and 1196.
92
What is the highest common factor of 93968 and 784?
112
What is the greatest common factor of 796101 and 7101?
789
Calculate the highest common factor of 343617 and 752.
47
What is the greatest common divisor of 4717876 and 236?
236
Calculat